alculate the remainder when 390653 is divided by 247.
146
What is the remainder when 704359 is divided by 2208?
7
What is the remainder when 1611875 is divided by 322298?
385
What is the remainder when 11531191 is divided by 5765576?
39
Calculate the remainder when 26821603 is divided by 181227.
7
What is the remainder when 995550 is divided by 24870?
750
What is the remainder when 1732399 is divided by 288733?
1
What is the remainder when 1329673 is divided by 293?
39
Calculate the remainder when 19843274 is divided by 2875.
24
Calculate the remainder when 1748402 is divided by 941.
24
What is the remainder when 825873 is divided by 24287?
115
What is the remainder when 2642177 is divided by 14515?
447
What is the remainder when 3404021 is divided by 25?
21
What is the remainder when 16146 is divided by 1148?
74
Calculate the remainder when 416668 is divided by 96.
28
Calculate the remainder when 12882329 is divided by 390373.
20
Calculate the remainder when 11852926 is divided by 2708.
10
Calculate the remainder when 20589627 is divided by 1301.
1
What is the remainder when 38846228 is divided by 47?
23
Calculate the remainder when 12281 is divided by 11770.
511
Calculate the remainder when 63150 is divided by 2035.
65
Calculate the remainder when 146223 is divided by 34969.
6347
Calculate the remainder when 1336537 is divided by 350.
237
What is the remainder when 23811 is divided by 11688?
435
What is the remainder when 1631018 is divided by 216?
2
Calculate the remainder when 37355 is divided by 9081.
1031
What is the remainder when 5764290 is divided by 114?
108
Calculate the remainder when 99015 is divided by 49395.
225
What is the remainder when 191178 is divided by 70?
8
Calculate the remainder when 62330 is divided by 15518.
258
What is the remainder when 85360 is divided by 67?
2
Calculate the remainder when 2159054 is divided by 2692.
70
Calculate the remainder when 470922 is divided by 180.
42
Calculate the remainder when 30828 is divided by 2362.
122
What is the remainder when 3325235 is divided by 88?
67
Calculate the remainder when 14990636 is divided by 120.
116
Calculate the remainder when 1244945 is divided by 6518.
7
Calculate the remainder when 262329011 is divided by 9222.
9221
Calculate the remainder when 113881 is divided by 4942.
215
What is the remainder when 65294 is divided by 6523?
64
What is the remainder when 8856844 is divided by 681295?
9
Calculate the remainder when 793142349 is divided by 2608.
2605
Calculate the remainder when 53970389 is divided by 503.
501
Calculate the remainder when 1240786 is divided by 1240722.
64
Calculate the remainder when 409792038 is divided by 29.
27
Calculate the remainder when 1444436 is divided by 65.
6
What is the remainder when 73357 is divided by 1048?
1045
Calculate the remainder when 98930159 is divided by 12.
11
What is the remainder when 3451517 is divided by 1150505?
2
Calculate the remainder when 519489 is divided by 2220.
9
Calculate the remainder when 60956410 is divided by 8708054.
32
Calculate the remainder when 1133950 is divided by 5478.
4
Calculate the remainder when 962792 is divided by 26021.
15
Calculate the remainder when 1387619 is divided by 1169.
16
What is the remainder when 3737001 is divided by 622824?
57
What is the remainder when 51070594 is divided by 31?
16
Calculate the remainder when 4664224 is divided by 1166055.
4
Calculate the remainder when 2807346507 is divided by 9090.
9087
Calculate the remainder when 18094 is divided by 1080.
814
What is the remainder when 196379 is divided by 284?
135
What is the remainder when 268668643 is divided by 43?
42
Calculate the remainder when 1036625 is divided by 259043.
453
Calculate the remainder when 6137001 is divided by 864.
9
Calculate the remainder when 41685 is divided by 1694.
1029
What is the remainder when 4271920 is divided by 64726?
4
Calculate the remainder when 21841 is divided by 4239.
646
What is the remainder when 180206 is divided by 796?
310
What is the remainder when 4475710 is divided by 93?
85
Calculate the remainder when 2574694 is divided by 2473.
301
Calculate the remainder when 10256 is divided by 76.
72
What is the remainder when 215769011 is divided by 5752?
5739
Calculate the remainder when 130643 is divided by 32595.
263
What is the remainder when 185913 is divided by 51?
18
What is the remainder when 965564 is divided by 483?
47
Calculate the remainder when 102563888 is divided by 4219.
4217
What is the remainder when 4387760 is divided by 2439?
2438
What is the remainder when 944133 is divided by 28519?
3006
What is the remainder when 1048381 is divided by 26873?
334
What is the remainder when 305179 is divided by 3633?
7
Calculate the remainder when 2109282 is divided by 2514.
36
Calculate the remainder when 754143 is divided by 188479.
227
What is the remainder when 947661468 is divided by 16?
12
What is the remainder when 745357 is divided by 1926?
1921
Calculate the remainder when 31558682 is divided by 234.
38
Calculate the remainder when 6445109 is divided by 322254.
29
Calculate the remainder when 210620422 is divided by 25.
22
Calculate the remainder when 2519311 is divided by 16046.
89
Calculate the remainder when 23204 is divided by 11503.
198
What is the remainder when 1779219 is divided by 103?
100
Calculate the remainder when 144171 is divided by 28787.
236
Calculate the remainder when 157939162 is divided by 515.
507
Calculate the remainder when 428167 is divided by 428150.
17
What is the remainder when 6014266 is divided by 39?
37
What is the remainder when 30937251 is divided by 2057?
2028
Calculate the remainder when 137636 is divided by 562.
508
What is the remainder when 74318 is divided by 5542?
2272
Calculate the remainder when 17915931 is divided by 3049.
7
Calculate the remainder when 11483893 is divided by 806.
5
What is the remainder when 77854712 is divided by 1280?
1272
What is the remainder when 221086 is divided by 1088?
222
Calculate the remainder when 129630 is divided by 42193.
3051
What is the remainder when 1207008 is divided by 7142?
10
Calculate the remainder when 7300 is divided by 1934.
1498
What is the remainder when 34038 is divided by 1449?
711
Calculate the remainder when 1031840 is divided by 10116.
8
What is the remainder when 518993 is divided by 347?
228
Calculate the remainder when 350339 is divided by 176.
99
Calculate the remainder when 12068867 is divided by 74499.
29
What is the remainder when 4288472 is divided by 9?
8
What is the remainder when 13208880 is divided by 4402955?
15
Calculate the remainder when 619246 is divided by 27.
1
What is the remainder when 22676525 is divided by 1288?
1285
What is the remainder when 657459 is divided by 219141?
36
Calculate the remainder when 237234512 is divided by 725.
12
Calculate the remainder when 390506 is divided by 130092.
230
Calculate the remainder when 5406039 is divided by 1081204.
19
Calculate the remainder when 311661 is divided by 2665.
2521
Calculate the remainder when 562724 is divided by 3280.
1844
Calculate the remainder when 555130 is divided by 184554.
1468
Calculate the remainder when 482400 is divided by 481938.
462
Calculate the remainder when 4608818 is divided by 93.
17
Calculate the remainder when 1176445 is divided by 1175478.
967
What is the remainder when 14348152 is divided by 466?
12
Calculate the remainder when 301374 is divided by 568.
334
What is the remainder when 13871 is divided by 2209?
617
Calculate the remainder when 228396665 is divided by 224.
217
What is the remainder when 1754800 is divided by 9913?
199
Calculate the remainder when 822553 is divided by 68543.
37
Calculate the remainder when 960021 is divided by 136326.
5739
What is the remainder when 4881302 is divided by 249?
155
What is the remainder when 4152742 is divided by 415274?
2
Calculate the remainder when 25269 is divided by 652.
493
What is the remainder when 637395 is divided by 130?
5
What is the remainder when 24136997 is divided by 4022829?
23
What is the remainder when 191666 is divided by 917?
13
What is the remainder when 1246963 is divided by 3790?
53
Calculate the remainder when 836785 is divided by 1218.
19
What is the remainder when 12589811 is divided by 174858?
